hat is the ten thousands digit of 4257024?
5
What is the ten thousands digit of 950863?
5
What is the hundred thousands digit of 379359?
3
What is the thousands digit of 5340550?
0
What is the thousands digit of 45747?
5
What is the tens digit of 1164923?
2
What is the millions digit of 11368635?
1
What is the tens digit of 195305?
0
What is the tens digit of 5318244?
4
What is the millions digit of 7760643?
7
What is the ten thousands digit of 1109771?
0
What is the tens digit of 4384748?
4
What is the thousands digit of 20859699?
9
What is the tens digit of 1526254?
5
What is the ten thousands digit of 1480183?
8
What is the units digit of 345654?
4
What is the units digit of 1709313?
3
What is the units digit of 1201869?
9
What is the ten thousands digit of 376539?
7
What is the ten thousands digit of 8216116?
1
What is the ten thousands digit of 121219?
2
What is the millions digit of 1537835?
1
What is the thousands digit of 126406?
6
What is the millions digit of 5078353?
5
What is the hundred thousands digit of 7584406?
5
What is the units digit of 366371?
1
What is the tens digit of 329150?
5
What is the hundred thousands digit of 1037431?
0
What is the tens digit of 2408665?
6
What is the hundreds digit of 289592?
5
What is the hundred thousands digit of 228078?
2
What is the hundreds digit of 159039?
0
What is the ten thousands digit of 785159?
8
What is the units digit of 37116?
6
What is the ten thousands digit of 117793?
1
What is the hundred thousands digit of 8473868?
4
What is the hundred thousands digit of 441858?
4
What is the thousands digit of 778018?
8
What is the thousands digit of 1348442?
8
What is the thousands digit of 15455?
5
What is the hundred thousands digit of 197888?
1
What is the hundred thousands digit of 684424?
6
What is the hundred thousands digit of 8608141?
6
What is the millions digit of 4221857?
4
What is the thousands digit of 15343?
5
What is the hundred thousands digit of 1853745?
8
What is the millions digit of 2079863?
2
What is the millions digit of 9418780?
9
What is the thousands digit of 1366947?
6
What is the hundred thousands digit of 109147?
1
What is the thousands digit of 1798?
1
What is the ten thousands digit of 186295?
8
What is the units digit of 3271022?
2
What is the tens digit of 80200?
0
What is the hundreds digit of 12581670?
6
What is the hundreds digit of 253183?
1
What is the tens digit of 32446?
4
What is the units digit of 14448378?
8
What is the units digit of 3896251?
1
What is the hundreds digit of 9485?
4
What is the millions digit of 1637181?
1
What is the units digit of 10643086?
6
What is the millions digit of 7402125?
7
What is the hundred thousands digit of 999272?
9
What is the hundreds digit of 10194263?
2
What is the ten thousands digit of 4979023?
7
What is the thousands digit of 351293?
1
What is the units digit of 824971?
1
What is the millions digit of 20563940?
0
What is the ten millions digit of 12322602?
1
What is the ten thousands digit of 363740?
6
What is the ten thousands digit of 1983736?
8
What is the ten thousands digit of 392560?
9
What is the hundred thousands digit of 204391?
2
What is the tens digit of 601485?
8
What is the hundred thousands digit of 1907499?
9
What is the tens digit of 104844?
4
What is the tens digit of 459558?
5
What is the thousands digit of 729101?
9
What is the ten thousands digit of 272235?
7
What is the thousands digit of 737341?
7
What is the thousands digit of 153113?
3
What is the ten thousands digit of 3029374?
2
What is the hundreds digit of 549815?
8
What is the thousands digit of 23263898?
3
What is the tens digit of 3177824?
2
What is the units digit of 13629296?
6
What is the millions digit of 5818933?
5
What is the ten thousands digit of 28646?
2
What is the hundred thousands digit of 410117?
4
What is the tens digit of 10490?
9
What is the tens digit of 126987?
8
What is the hundred thousands digit of 689208?
6
What is the units digit of 6616308?
8
What is the tens digit of 1962806?
0
What is the units digit of 391626?
6
What is the hundred thousands digit of 969278?
9
What is the units digit of 311?
1
What is the units digit of 3899196?
6
What is the thousands digit of 3517027?
7
What is the tens digit of 10634630?
3
What is the ten thousands digit of 2474093?
7
What is the thousands digit of 2558847?
8
What is the thousands digit of 674862?
4
What is the ten thousands digit of 147942?
4
What is the units digit of 2499197?
7
What is the units digit of 4044576?
6
What is the units digit of 5323421?
1
What is the tens digit of 1567876?
7
What is the tens digit of 47370?
7
What is the ten thousands digit of 975563?
7
What is the ten thousands digit of 74909?
7
What is the tens digit of 857531?
3
What is the hundred thousands digit of 142708?
1
What is the hundred thousands digit of 270575?
2
What is the hundreds digit of 10452081?
0
What is the hundreds digit of 315268?
2
What is the hundreds digit of 1360442?
4
What is the thousands digit of 574431?
4
What is the thousands digit of 202696?
2
What is the units digit of 4213010?
0
What is the hundred thousands digit of 363590?
3
What is the units digit of 57298?
8
What is the hundred thousands digit of 5129599?
1
What is the units digit of 9277201?
1
What is the hundred thousands digit of 1516480?
5
What is the hundreds digit of 77416?
4
What is the thousands digit of 190147?
0
What is the hundreds digit of 15905240?
2
What is the millions digit of 2238903?
2
What is the hundred thousands digit of 321066?
3
What is the units digit of 38961466?
6
What is the tens digit of 217108?
0
What is the units digit of 291939?
9
What is the tens digit of 178904?
0
What is the millions digit of 1865315?
1
What is the thousands digit of 3330137?
0
What is the tens digit of 325615?
1
What is the thousands digit of 24072?
4
What is the units digit of 1321300?
0
What is the hundred thousands digit of 5799531?
7
What is the hundred thousands digit of 767304?
7
What is the units digit of 20661952?
2
What is the tens digit of 263470?
7
What is the hundreds digit of 896037?
0
What is the thousands digit of 3475890?
5
What is the hundred thousands digit of 330164?
3
What is the hundreds digit of 611448?
4
What is the units digit of 612235?
5
What is the hundreds digit of 289762?
7
What is the hundreds digit of 1171120?
1
What is the thousands digit of 9507786?
7
What is the millions digit of 20633816?
0
What is the units digit of 10191336?
6
What is the hundreds digit of 6803012?
0
What is the hundreds digit of 1690270?
2
What is the hundred thousands digit of 2459961?
4
What is the thousands digit of 2234542?
4
What is the hundred thousands digit of 20128595?
1
What is the thousands digit of 258764?
8
What is the hundreds digit of 478480?
4
What is the ten thousands digit of 325186?
2
What is the tens digit of 586627?
2
What is the thousands digit of 5324646?
4
What is the ten thousands digit of 287042?
8
What is the ten thousands digit of 963174?
6
What is the hundred thousands digit of 261800?
2
What is the hundreds digit of 1794422?
4
What is the tens digit of 2249865?
6
What is the hundreds digit of 243636?
6
What is the thousands digit of 1480196?
0
What is the units digit of 111526?
6
What is the ten thousands digit of 1073895?
7
What is the thousands digit of 7405273?
5
What is the tens digit of 2028182?
8
What is the ten thousands digit of 2005338?
0
What is the hundreds digit of 59590?
5
What is the tens digit of 19641192?
9
What is the units digit of 382500?
0
What is the ten thousands digit of 265836?
6
What is the thousands digit of 952328?
2
What is the hundred thousands digit of 1137942?
1
What is the units digit of 82154?
4
What is the hundred thousands digit of 12785613?
7
What is the ten thousands digit of 12334995?
3
What is the millions digit of 2225377?
2
What is the hundreds digit of 3181434?
4
What is the units digit of 6133956?
6
What is the tens digit of 182971?
7
What is the thousands digit of 68656?
8
What is the units digit of 1273557?
7
What is the ten thousands digit of 83241?
8
What is the thousands digit of 464910?
4
What is the thousands digit of 621619?
1
What is the ten millions digit of 16143248?
1
What is the units digit of 500189?
9
What is t